{"id":56,"date":"2019-11-05T19:49:06","date_gmt":"2019-11-05T18:49:06","guid":{"rendered":"http:\/\/adinapoltar.sk\/?page_id=56"},"modified":"2026-03-14T19:38:44","modified_gmt":"2026-03-14T18:38:44","slug":"izba-c-4","status":"publish","type":"page","link":"https:\/\/adinapoltar.sk\/?page_id=56","title":{"rendered":"Rodinn\u00e1 izba s terasou"},"content":{"rendered":"\n<p style=\"text-align:center\">\n<table style=\"margin-left:auto;margin-right:auto;max-width:500px\">\n<tr>\n<td>2 osoby 65 \u20ac \/ 1 noc<\/td>\n<\/tr>\n<tr>\n<td>3 osoby 75 \u20ac \/ 1 noc<\/td>\n<\/tr>\n<tr>\n<td>4 osoby 85 \u20ac \/ 1 noc<\/td>\n<\/tr>\n<tr>\n<td>5 os\u00f4b 95 \u20ac \/ 1 noc<\/td>\n<\/tr>\n<tr>\n<td>Viac noc\u00ed \/ cena dohodou<\/td>\n<\/tr>\n<\/table>\n<\/p>\n\n\n\n<figure class=\"wp-block-gallery has-nested-images columns-2 is-cropped wp-block-gallery-1 is-layout-flex wp-block-gallery-is-layout-flex\">\n<figure class=\"wp-block-image\"><a href=\"https:\/\/adinapoltar.sk\/wp-content\/uploads\/2022\/02\/4.k.jpg\"><img loading=\"lazy\" decoding=\"async\" width=\"1024\" height=\"683\" data-id=\"322\" data-src=\"https:\/\/adinapoltar.sk\/wp-content\/uploads\/2022\/02\/4.k-1024x683.jpg\" alt=\"\" class=\"wp-image-322 lazyload\" data-srcset=\"https:\/\/adinapoltar.sk\/wp-content\/uploads\/2022\/02\/4.k-1024x683.jpg 1024w, https:\/\/adinapoltar.sk\/wp-content\/uploads\/2022\/02\/4.k-300x200.jpg 300w, https:\/\/adinapoltar.sk\/wp-content\/uploads\/2022\/02\/4.k-768x512.jpg 768w\" data-sizes=\"(max-width: 1024px) 100vw, 1024px\" src=\"data:image\/gif;base64,R0lGODlhAQABAAAAACH5BAEKAAEALAAAAAABAAEAAAICTAEAOw==\" style=\"--smush-placeholder-width: 1024px; --smush-placeholder-aspect-ratio: 1024\/683;\" \/><noscript><img loading=\"lazy\" decoding=\"async\" width=\"1024\" height=\"683\" data-id=\"322\" src=\"https:\/\/adinapoltar.sk\/wp-content\/uploads\/2022\/02\/4.k-1024x683.jpg\" alt=\"\" class=\"wp-image-322\" srcset=\"https:\/\/adinapoltar.sk\/wp-content\/uploads\/2022\/02\/4.k-1024x683.jpg 1024w, https:\/\/adinapoltar.sk\/wp-content\/uploads\/2022\/02\/4.k-300x200.jpg 300w, https:\/\/adinapoltar.sk\/wp-content\/uploads\/2022\/02\/4.k-768x512.jpg 768w\" sizes=\"(max-width: 1024px) 100vw, 1024px\" \/><\/noscript><\/a><figcaption class=\"wp-element-caption\">Izba \u010d. 4<\/figcaption><\/figure>\n\n\n\n<figure class=\"wp-block-image\"><a href=\"https:\/\/adinapoltar.sk\/wp-content\/uploads\/2022\/02\/4_a.jpg\"><img loading=\"lazy\" decoding=\"async\" width=\"1024\" height=\"683\" data-id=\"323\" data-src=\"https:\/\/adinapoltar.sk\/wp-content\/uploads\/2022\/02\/4_a-1024x683.jpg\" alt=\"\" class=\"wp-image-323 lazyload\" data-srcset=\"https:\/\/adinapoltar.sk\/wp-content\/uploads\/2022\/02\/4_a-1024x683.jpg 1024w, https:\/\/adinapoltar.sk\/wp-content\/uploads\/2022\/02\/4_a-300x200.jpg 300w, https:\/\/adinapoltar.sk\/wp-content\/uploads\/2022\/02\/4_a-768x512.jpg 768w\" data-sizes=\"(max-width: 1024px) 100vw, 1024px\" src=\"data:image\/gif;base64,R0lGODlhAQABAAAAACH5BAEKAAEALAAAAAABAAEAAAICTAEAOw==\" style=\"--smush-placeholder-width: 1024px; --smush-placeholder-aspect-ratio: 1024\/683;\" \/><noscript><img loading=\"lazy\" decoding=\"async\" width=\"1024\" height=\"683\" data-id=\"323\" src=\"https:\/\/adinapoltar.sk\/wp-content\/uploads\/2022\/02\/4_a-1024x683.jpg\" alt=\"\" class=\"wp-image-323\" srcset=\"https:\/\/adinapoltar.sk\/wp-content\/uploads\/2022\/02\/4_a-1024x683.jpg 1024w, https:\/\/adinapoltar.sk\/wp-content\/uploads\/2022\/02\/4_a-300x200.jpg 300w, https:\/\/adinapoltar.sk\/wp-content\/uploads\/2022\/02\/4_a-768x512.jpg 768w\" sizes=\"(max-width: 1024px) 100vw, 1024px\" \/><\/noscript><\/a><figcaption class=\"wp-element-caption\">Izba \u010d. 4<\/figcaption><\/figure>\n\n\n\n<figure class=\"wp-block-image\"><a href=\"https:\/\/adinapoltar.sk\/wp-content\/uploads\/2022\/02\/4_b.jpg\"><img loading=\"lazy\" decoding=\"async\" width=\"1024\" height=\"683\" data-id=\"324\" data-src=\"https:\/\/adinapoltar.sk\/wp-content\/uploads\/2022\/02\/4_b-1024x683.jpg\" alt=\"\" class=\"wp-image-324 lazyload\" data-srcset=\"https:\/\/adinapoltar.sk\/wp-content\/uploads\/2022\/02\/4_b-1024x683.jpg 1024w, https:\/\/adinapoltar.sk\/wp-content\/uploads\/2022\/02\/4_b-300x200.jpg 300w, https:\/\/adinapoltar.sk\/wp-content\/uploads\/2022\/02\/4_b-768x512.jpg 768w\" data-sizes=\"(max-width: 1024px) 100vw, 1024px\" src=\"data:image\/gif;base64,R0lGODlhAQABAAAAACH5BAEKAAEALAAAAAABAAEAAAICTAEAOw==\" style=\"--smush-placeholder-width: 1024px; --smush-placeholder-aspect-ratio: 1024\/683;\" \/><noscript><img loading=\"lazy\" decoding=\"async\" width=\"1024\" height=\"683\" data-id=\"324\" src=\"https:\/\/adinapoltar.sk\/wp-content\/uploads\/2022\/02\/4_b-1024x683.jpg\" alt=\"\" class=\"wp-image-324\" srcset=\"https:\/\/adinapoltar.sk\/wp-content\/uploads\/2022\/02\/4_b-1024x683.jpg 1024w, https:\/\/adinapoltar.sk\/wp-content\/uploads\/2022\/02\/4_b-300x200.jpg 300w, https:\/\/adinapoltar.sk\/wp-content\/uploads\/2022\/02\/4_b-768x512.jpg 768w\" sizes=\"(max-width: 1024px) 100vw, 1024px\" \/><\/noscript><\/a><figcaption class=\"wp-element-caption\">Izba \u010d. 4<\/figcaption><\/figure>\n\n\n\n<figure class=\"wp-block-image\"><a href=\"https:\/\/adinapoltar.sk\/wp-content\/uploads\/2022\/02\/4_f.jpg\"><img loading=\"lazy\" decoding=\"async\" width=\"1024\" height=\"605\" data-id=\"328\" data-src=\"https:\/\/adinapoltar.sk\/wp-content\/uploads\/2022\/02\/4_f-1024x605.jpg\" alt=\"\" class=\"wp-image-328 lazyload\" data-srcset=\"https:\/\/adinapoltar.sk\/wp-content\/uploads\/2022\/02\/4_f-1024x605.jpg 1024w, https:\/\/adinapoltar.sk\/wp-content\/uploads\/2022\/02\/4_f-300x177.jpg 300w, https:\/\/adinapoltar.sk\/wp-content\/uploads\/2022\/02\/4_f-768x453.jpg 768w\" data-sizes=\"(max-width: 1024px) 100vw, 1024px\" src=\"data:image\/gif;base64,R0lGODlhAQABAAAAACH5BAEKAAEALAAAAAABAAEAAAICTAEAOw==\" style=\"--smush-placeholder-width: 1024px; --smush-placeholder-aspect-ratio: 1024\/605;\" \/><noscript><img loading=\"lazy\" decoding=\"async\" width=\"1024\" height=\"605\" data-id=\"328\" src=\"https:\/\/adinapoltar.sk\/wp-content\/uploads\/2022\/02\/4_f-1024x605.jpg\" alt=\"\" class=\"wp-image-328\" srcset=\"https:\/\/adinapoltar.sk\/wp-content\/uploads\/2022\/02\/4_f-1024x605.jpg 1024w, https:\/\/adinapoltar.sk\/wp-content\/uploads\/2022\/02\/4_f-300x177.jpg 300w, https:\/\/adinapoltar.sk\/wp-content\/uploads\/2022\/02\/4_f-768x453.jpg 768w\" sizes=\"(max-width: 1024px) 100vw, 1024px\" \/><\/noscript><\/a><figcaption class=\"wp-element-caption\">Izba \u010d. 4<\/figcaption><\/figure>\n\n\n\n<figure class=\"wp-block-image\"><a href=\"https:\/\/adinapoltar.sk\/wp-content\/uploads\/2022\/02\/4_g.jpg\"><img loading=\"lazy\" decoding=\"async\" width=\"1024\" height=\"683\" data-id=\"329\" data-src=\"https:\/\/adinapoltar.sk\/wp-content\/uploads\/2022\/02\/4_g-1024x683.jpg\" alt=\"\" class=\"wp-image-329 lazyload\" data-srcset=\"https:\/\/adinapoltar.sk\/wp-content\/uploads\/2022\/02\/4_g-1024x683.jpg 1024w, https:\/\/adinapoltar.sk\/wp-content\/uploads\/2022\/02\/4_g-300x200.jpg 300w, https:\/\/adinapoltar.sk\/wp-content\/uploads\/2022\/02\/4_g-768x512.jpg 768w\" data-sizes=\"(max-width: 1024px) 100vw, 1024px\" src=\"data:image\/gif;base64,R0lGODlhAQABAAAAACH5BAEKAAEALAAAAAABAAEAAAICTAEAOw==\" style=\"--smush-placeholder-width: 1024px; --smush-placeholder-aspect-ratio: 1024\/683;\" \/><noscript><img loading=\"lazy\" decoding=\"async\" width=\"1024\" height=\"683\" data-id=\"329\" src=\"https:\/\/adinapoltar.sk\/wp-content\/uploads\/2022\/02\/4_g-1024x683.jpg\" alt=\"\" class=\"wp-image-329\" srcset=\"https:\/\/adinapoltar.sk\/wp-content\/uploads\/2022\/02\/4_g-1024x683.jpg 1024w, https:\/\/adinapoltar.sk\/wp-content\/uploads\/2022\/02\/4_g-300x200.jpg 300w, https:\/\/adinapoltar.sk\/wp-content\/uploads\/2022\/02\/4_g-768x512.jpg 768w\" sizes=\"(max-width: 1024px) 100vw, 1024px\" \/><\/noscript><\/a><figcaption class=\"wp-element-caption\">Izba \u010d. 4<\/figcaption><\/figure>\n\n\n\n<figure class=\"wp-block-image\"><a href=\"https:\/\/adinapoltar.sk\/wp-content\/uploads\/2022\/02\/4_h.jpg\"><img loading=\"lazy\" decoding=\"async\" width=\"1024\" height=\"683\" data-id=\"330\" data-src=\"https:\/\/adinapoltar.sk\/wp-content\/uploads\/2022\/02\/4_h-1024x683.jpg\" alt=\"\" class=\"wp-image-330 lazyload\" data-srcset=\"https:\/\/adinapoltar.sk\/wp-content\/uploads\/2022\/02\/4_h-1024x683.jpg 1024w, https:\/\/adinapoltar.sk\/wp-content\/uploads\/2022\/02\/4_h-300x200.jpg 300w, https:\/\/adinapoltar.sk\/wp-content\/uploads\/2022\/02\/4_h-768x512.jpg 768w\" data-sizes=\"(max-width: 1024px) 100vw, 1024px\" src=\"data:image\/gif;base64,R0lGODlhAQABAAAAACH5BAEKAAEALAAAAAABAAEAAAICTAEAOw==\" style=\"--smush-placeholder-width: 1024px; --smush-placeholder-aspect-ratio: 1024\/683;\" \/><noscript><img loading=\"lazy\" decoding=\"async\" width=\"1024\" height=\"683\" data-id=\"330\" src=\"https:\/\/adinapoltar.sk\/wp-content\/uploads\/2022\/02\/4_h-1024x683.jpg\" alt=\"\" class=\"wp-image-330\" srcset=\"https:\/\/adinapoltar.sk\/wp-content\/uploads\/2022\/02\/4_h-1024x683.jpg 1024w, https:\/\/adinapoltar.sk\/wp-content\/uploads\/2022\/02\/4_h-300x200.jpg 300w, https:\/\/adinapoltar.sk\/wp-content\/uploads\/2022\/02\/4_h-768x512.jpg 768w\" sizes=\"(max-width: 1024px) 100vw, 1024px\" \/><\/noscript><\/a><figcaption class=\"wp-element-caption\">Izba \u010d. 4<\/figcaption><\/figure>\n\n\n\n<figure class=\"wp-block-image\"><a href=\"https:\/\/adinapoltar.sk\/wp-content\/uploads\/2019\/11\/Izba-\u010d.4-4.jpg\"><img loading=\"lazy\" decoding=\"async\" width=\"1024\" height=\"683\" data-id=\"58\" data-src=\"https:\/\/adinapoltar.sk\/wp-content\/uploads\/2019\/11\/Izba-\u010d.4-4-1024x683.jpg\" alt=\"\" class=\"wp-image-58 lazyload\" data-srcset=\"https:\/\/adinapoltar.sk\/wp-content\/uploads\/2019\/11\/Izba-\u010d.4-4-1024x683.jpg 1024w, https:\/\/adinapoltar.sk\/wp-content\/uploads\/2019\/11\/Izba-\u010d.4-4-300x200.jpg 300w, https:\/\/adinapoltar.sk\/wp-content\/uploads\/2019\/11\/Izba-\u010d.4-4-768x512.jpg 768w\" data-sizes=\"(max-width: 1024px) 100vw, 1024px\" src=\"data:image\/gif;base64,R0lGODlhAQABAAAAACH5BAEKAAEALAAAAAABAAEAAAICTAEAOw==\" style=\"--smush-placeholder-width: 1024px; --smush-placeholder-aspect-ratio: 1024\/683;\" \/><noscript><img loading=\"lazy\" decoding=\"async\" width=\"1024\" height=\"683\" data-id=\"58\" src=\"https:\/\/adinapoltar.sk\/wp-content\/uploads\/2019\/11\/Izba-\u010d.4-4-1024x683.jpg\" alt=\"\" class=\"wp-image-58\" srcset=\"https:\/\/adinapoltar.sk\/wp-content\/uploads\/2019\/11\/Izba-\u010d.4-4-1024x683.jpg 1024w, https:\/\/adinapoltar.sk\/wp-content\/uploads\/2019\/11\/Izba-\u010d.4-4-300x200.jpg 300w, https:\/\/adinapoltar.sk\/wp-content\/uploads\/2019\/11\/Izba-\u010d.4-4-768x512.jpg 768w\" sizes=\"(max-width: 1024px) 100vw, 1024px\" \/><\/noscript><\/a><figcaption class=\"wp-element-caption\">Kuchy\u0148a<\/figcaption><\/figure>\n\n\n\n<figure class=\"wp-block-image\"><a href=\"https:\/\/adinapoltar.sk\/wp-content\/uploads\/2022\/02\/4_i.jpg\"><img loading=\"lazy\" decoding=\"async\" width=\"1024\" height=\"683\" data-id=\"331\" data-src=\"https:\/\/adinapoltar.sk\/wp-content\/uploads\/2022\/02\/4_i-1024x683.jpg\" alt=\"\" class=\"wp-image-331 lazyload\" data-srcset=\"https:\/\/adinapoltar.sk\/wp-content\/uploads\/2022\/02\/4_i-1024x683.jpg 1024w, https:\/\/adinapoltar.sk\/wp-content\/uploads\/2022\/02\/4_i-300x200.jpg 300w, https:\/\/adinapoltar.sk\/wp-content\/uploads\/2022\/02\/4_i-768x512.jpg 768w\" data-sizes=\"(max-width: 1024px) 100vw, 1024px\" src=\"data:image\/gif;base64,R0lGODlhAQABAAAAACH5BAEKAAEALAAAAAABAAEAAAICTAEAOw==\" style=\"--smush-placeholder-width: 1024px; --smush-placeholder-aspect-ratio: 1024\/683;\" \/><noscript><img loading=\"lazy\" decoding=\"async\" width=\"1024\" height=\"683\" data-id=\"331\" src=\"https:\/\/adinapoltar.sk\/wp-content\/uploads\/2022\/02\/4_i-1024x683.jpg\" alt=\"\" class=\"wp-image-331\" srcset=\"https:\/\/adinapoltar.sk\/wp-content\/uploads\/2022\/02\/4_i-1024x683.jpg 1024w, https:\/\/adinapoltar.sk\/wp-content\/uploads\/2022\/02\/4_i-300x200.jpg 300w, https:\/\/adinapoltar.sk\/wp-content\/uploads\/2022\/02\/4_i-768x512.jpg 768w\" sizes=\"(max-width: 1024px) 100vw, 1024px\" \/><\/noscript><\/a><figcaption class=\"wp-element-caption\">Kuchy\u0148a <\/figcaption><\/figure>\n\n\n\n<figure class=\"wp-block-image\"><a href=\"https:\/\/adinapoltar.sk\/wp-content\/uploads\/2022\/02\/4_e.jpg\"><img loading=\"lazy\" decoding=\"async\" width=\"683\" height=\"1024\" data-id=\"327\" data-src=\"https:\/\/adinapoltar.sk\/wp-content\/uploads\/2022\/02\/4_e-683x1024.jpg\" alt=\"\" class=\"wp-image-327 lazyload\" data-srcset=\"https:\/\/adinapoltar.sk\/wp-content\/uploads\/2022\/02\/4_e-683x1024.jpg 683w, https:\/\/adinapoltar.sk\/wp-content\/uploads\/2022\/02\/4_e-200x300.jpg 200w, https:\/\/adinapoltar.sk\/wp-content\/uploads\/2022\/02\/4_e-768x1152.jpg 768w, https:\/\/adinapoltar.sk\/wp-content\/uploads\/2022\/02\/4_e.jpg 2000w\" data-sizes=\"(max-width: 683px) 100vw, 683px\" src=\"data:image\/gif;base64,R0lGODlhAQABAAAAACH5BAEKAAEALAAAAAABAAEAAAICTAEAOw==\" style=\"--smush-placeholder-width: 683px; --smush-placeholder-aspect-ratio: 683\/1024;\" \/><noscript><img loading=\"lazy\" decoding=\"async\" width=\"683\" height=\"1024\" data-id=\"327\" src=\"https:\/\/adinapoltar.sk\/wp-content\/uploads\/2022\/02\/4_e-683x1024.jpg\" alt=\"\" class=\"wp-image-327\" srcset=\"https:\/\/adinapoltar.sk\/wp-content\/uploads\/2022\/02\/4_e-683x1024.jpg 683w, https:\/\/adinapoltar.sk\/wp-content\/uploads\/2022\/02\/4_e-200x300.jpg 200w, https:\/\/adinapoltar.sk\/wp-content\/uploads\/2022\/02\/4_e-768x1152.jpg 768w, https:\/\/adinapoltar.sk\/wp-content\/uploads\/2022\/02\/4_e.jpg 2000w\" sizes=\"(max-width: 683px) 100vw, 683px\" \/><\/noscript><\/a><figcaption class=\"wp-element-caption\">K\u00fape\u013e\u0148a s toaletou<\/figcaption><\/figure>\n\n\n\n<figure class=\"wp-block-image\"><a href=\"https:\/\/adinapoltar.sk\/wp-content\/uploads\/2022\/02\/4_d.jpg\"><img loading=\"lazy\" decoding=\"async\" width=\"683\" height=\"1024\" data-id=\"326\" data-src=\"https:\/\/adinapoltar.sk\/wp-content\/uploads\/2022\/02\/4_d-683x1024.jpg\" alt=\"\" class=\"wp-image-326 lazyload\" data-srcset=\"https:\/\/adinapoltar.sk\/wp-content\/uploads\/2022\/02\/4_d-683x1024.jpg 683w, https:\/\/adinapoltar.sk\/wp-content\/uploads\/2022\/02\/4_d-200x300.jpg 200w, https:\/\/adinapoltar.sk\/wp-content\/uploads\/2022\/02\/4_d-768x1152.jpg 768w, https:\/\/adinapoltar.sk\/wp-content\/uploads\/2022\/02\/4_d.jpg 2000w\" data-sizes=\"(max-width: 683px) 100vw, 683px\" src=\"data:image\/gif;base64,R0lGODlhAQABAAAAACH5BAEKAAEALAAAAAABAAEAAAICTAEAOw==\" style=\"--smush-placeholder-width: 683px; --smush-placeholder-aspect-ratio: 683\/1024;\" \/><noscript><img loading=\"lazy\" decoding=\"async\" width=\"683\" height=\"1024\" data-id=\"326\" src=\"https:\/\/adinapoltar.sk\/wp-content\/uploads\/2022\/02\/4_d-683x1024.jpg\" alt=\"\" class=\"wp-image-326\" srcset=\"https:\/\/adinapoltar.sk\/wp-content\/uploads\/2022\/02\/4_d-683x1024.jpg 683w, https:\/\/adinapoltar.sk\/wp-content\/uploads\/2022\/02\/4_d-200x300.jpg 200w, https:\/\/adinapoltar.sk\/wp-content\/uploads\/2022\/02\/4_d-768x1152.jpg 768w, https:\/\/adinapoltar.sk\/wp-content\/uploads\/2022\/02\/4_d.jpg 2000w\" sizes=\"(max-width: 683px) 100vw, 683px\" \/><\/noscript><\/a><figcaption class=\"wp-element-caption\">  K\u00fape\u013e\u0148a s toaletou <\/figcaption><\/figure>\n\n\n\n<figure class=\"wp-block-image\"><a href=\"https:\/\/adinapoltar.sk\/wp-content\/uploads\/2019\/11\/Izba-\u010d.4-k\u00fape\u013e\u0148a-s-WC.jpg\"><img loading=\"lazy\" decoding=\"async\" width=\"683\" height=\"1024\" data-id=\"61\" data-src=\"https:\/\/adinapoltar.sk\/wp-content\/uploads\/2019\/11\/Izba-\u010d.4-k\u00fape\u013e\u0148a-s-WC-683x1024.jpg\" alt=\"\" class=\"wp-image-61 lazyload\" data-srcset=\"https:\/\/adinapoltar.sk\/wp-content\/uploads\/2019\/11\/Izba-\u010d.4-k\u00fape\u013e\u0148a-s-WC-683x1024.jpg 683w, https:\/\/adinapoltar.sk\/wp-content\/uploads\/2019\/11\/Izba-\u010d.4-k\u00fape\u013e\u0148a-s-WC-200x300.jpg 200w, https:\/\/adinapoltar.sk\/wp-content\/uploads\/2019\/11\/Izba-\u010d.4-k\u00fape\u013e\u0148a-s-WC-768x1152.jpg 768w, https:\/\/adinapoltar.sk\/wp-content\/uploads\/2019\/11\/Izba-\u010d.4-k\u00fape\u013e\u0148a-s-WC.jpg 2000w\" data-sizes=\"(max-width: 683px) 100vw, 683px\" src=\"data:image\/gif;base64,R0lGODlhAQABAAAAACH5BAEKAAEALAAAAAABAAEAAAICTAEAOw==\" style=\"--smush-placeholder-width: 683px; --smush-placeholder-aspect-ratio: 683\/1024;\" \/><noscript><img loading=\"lazy\" decoding=\"async\" width=\"683\" height=\"1024\" data-id=\"61\" src=\"https:\/\/adinapoltar.sk\/wp-content\/uploads\/2019\/11\/Izba-\u010d.4-k\u00fape\u013e\u0148a-s-WC-683x1024.jpg\" alt=\"\" class=\"wp-image-61\" srcset=\"https:\/\/adinapoltar.sk\/wp-content\/uploads\/2019\/11\/Izba-\u010d.4-k\u00fape\u013e\u0148a-s-WC-683x1024.jpg 683w, https:\/\/adinapoltar.sk\/wp-content\/uploads\/2019\/11\/Izba-\u010d.4-k\u00fape\u013e\u0148a-s-WC-200x300.jpg 200w, https:\/\/adinapoltar.sk\/wp-content\/uploads\/2019\/11\/Izba-\u010d.4-k\u00fape\u013e\u0148a-s-WC-768x1152.jpg 768w, https:\/\/adinapoltar.sk\/wp-content\/uploads\/2019\/11\/Izba-\u010d.4-k\u00fape\u013e\u0148a-s-WC.jpg 2000w\" sizes=\"(max-width: 683px) 100vw, 683px\" \/><\/noscript><\/a><figcaption class=\"wp-element-caption\">K\u00fape\u013e\u0148a s toaletou <\/figcaption><\/figure>\n\n\n\n<figure class=\"wp-block-image\"><a href=\"https:\/\/adinapoltar.sk\/wp-content\/uploads\/2022\/02\/4_c.jpg\"><img loading=\"lazy\" decoding=\"async\" width=\"683\" height=\"1024\" data-id=\"325\" data-src=\"https:\/\/adinapoltar.sk\/wp-content\/uploads\/2022\/02\/4_c-683x1024.jpg\" alt=\"\" class=\"wp-image-325 lazyload\" data-srcset=\"https:\/\/adinapoltar.sk\/wp-content\/uploads\/2022\/02\/4_c-683x1024.jpg 683w, https:\/\/adinapoltar.sk\/wp-content\/uploads\/2022\/02\/4_c-200x300.jpg 200w, https:\/\/adinapoltar.sk\/wp-content\/uploads\/2022\/02\/4_c-768x1152.jpg 768w, https:\/\/adinapoltar.sk\/wp-content\/uploads\/2022\/02\/4_c.jpg 2000w\" data-sizes=\"(max-width: 683px) 100vw, 683px\" src=\"data:image\/gif;base64,R0lGODlhAQABAAAAACH5BAEKAAEALAAAAAABAAEAAAICTAEAOw==\" style=\"--smush-placeholder-width: 683px; --smush-placeholder-aspect-ratio: 683\/1024;\" \/><noscript><img loading=\"lazy\" decoding=\"async\" width=\"683\" height=\"1024\" data-id=\"325\" src=\"https:\/\/adinapoltar.sk\/wp-content\/uploads\/2022\/02\/4_c-683x1024.jpg\" alt=\"\" class=\"wp-image-325\" srcset=\"https:\/\/adinapoltar.sk\/wp-content\/uploads\/2022\/02\/4_c-683x1024.jpg 683w, https:\/\/adinapoltar.sk\/wp-content\/uploads\/2022\/02\/4_c-200x300.jpg 200w, https:\/\/adinapoltar.sk\/wp-content\/uploads\/2022\/02\/4_c-768x1152.jpg 768w, https:\/\/adinapoltar.sk\/wp-content\/uploads\/2022\/02\/4_c.jpg 2000w\" sizes=\"(max-width: 683px) 100vw, 683px\" \/><\/noscript><\/a><figcaption class=\"wp-element-caption\">K\u00fape\u013e\u0148a s toaletou <\/figcaption><\/figure>\n\n\n\n<figure class=\"wp-block-image\"><a href=\"https:\/\/adinapoltar.sk\/wp-content\/uploads\/2022\/02\/4.jpg\"><img loading=\"lazy\" decoding=\"async\" width=\"1024\" height=\"768\" data-id=\"321\" data-src=\"https:\/\/adinapoltar.sk\/wp-content\/uploads\/2022\/02\/4-1024x768.jpg\" alt=\"\" class=\"wp-image-321 lazyload\" data-srcset=\"https:\/\/adinapoltar.sk\/wp-content\/uploads\/2022\/02\/4-1024x768.jpg 1024w, https:\/\/adinapoltar.sk\/wp-content\/uploads\/2022\/02\/4-300x225.jpg 300w, https:\/\/adinapoltar.sk\/wp-content\/uploads\/2022\/02\/4-768x576.jpg 768w\" data-sizes=\"(max-width: 1024px) 100vw, 1024px\" src=\"data:image\/gif;base64,R0lGODlhAQABAAAAACH5BAEKAAEALAAAAAABAAEAAAICTAEAOw==\" style=\"--smush-placeholder-width: 1024px; --smush-placeholder-aspect-ratio: 1024\/768;\" \/><noscript><img loading=\"lazy\" decoding=\"async\" width=\"1024\" height=\"768\" data-id=\"321\" src=\"https:\/\/adinapoltar.sk\/wp-content\/uploads\/2022\/02\/4-1024x768.jpg\" alt=\"\" class=\"wp-image-321\" srcset=\"https:\/\/adinapoltar.sk\/wp-content\/uploads\/2022\/02\/4-1024x768.jpg 1024w, https:\/\/adinapoltar.sk\/wp-content\/uploads\/2022\/02\/4-300x225.jpg 300w, https:\/\/adinapoltar.sk\/wp-content\/uploads\/2022\/02\/4-768x576.jpg 768w\" sizes=\"(max-width: 1024px) 100vw, 1024px\" \/><\/noscript><\/a><figcaption class=\"wp-element-caption\">Terasa<\/figcaption><\/figure>\n<\/figure>\n","protected":false},"excerpt":{"rendered":"<p>2 osoby 65 \u20ac \/ 1 noc 3 osoby 75 \u20ac \/ 1 noc 4 osoby 85 \u20ac \/ 1 noc 5 os\u00f4b 95 \u20ac \/ 1 noc Viac noc\u00ed \/ cena dohodou<\/p>\n","protected":false},"author":2,"featured_media":0,"parent":0,"menu_order":0,"comment_status":"closed","ping_status":"closed","template":"","meta":{"footnotes":""},"class_list":["post-56","page","type-page","status-publish","hentry"],"_links":{"self":[{"href":"https:\/\/adinapoltar.sk\/index.php?rest_route=\/wp\/v2\/pages\/56"}],"collection":[{"href":"https:\/\/adinapoltar.sk\/index.php?rest_route=\/wp\/v2\/pages"}],"about":[{"href":"https:\/\/adinapoltar.sk\/index.php?rest_route=\/wp\/v2\/types\/page"}],"author":[{"embeddable":true,"href":"https:\/\/adinapoltar.sk\/index.php?rest_route=\/wp\/v2\/users\/2"}],"replies":[{"embeddable":true,"href":"https:\/\/adinapoltar.sk\/index.php?rest_route=%2Fwp%2Fv2%2Fcomments&post=56"}],"version-history":[{"count":31,"href":"https:\/\/adinapoltar.sk\/index.php?rest_route=\/wp\/v2\/pages\/56\/revisions"}],"predecessor-version":[{"id":534,"href":"https:\/\/adinapoltar.sk\/index.php?rest_route=\/wp\/v2\/pages\/56\/revisions\/534"}],"wp:attachment":[{"href":"https:\/\/adinapoltar.sk\/index.php?rest_route=%2Fwp%2Fv2%2Fmedia&parent=56"}],"curies":[{"name":"wp","href":"https:\/\/api.w.org\/{rel}","templated":true}]}}